3
In base 12, what is -5689 - 4?
-5691
In base 8, what is 4 - -75412?
75416
In base 13, what is 9 + -17164?
-17158
In base 15, what is 9 - -10a29?
10a33
In base 5, what is 234002 + 112?
234114
In base 10, what is 410 - -1905?
2315
In base 6, what is -4 - -1522324?
1522320
In base 10, what is 1440 - 13?
1427
In base 9, what is -52324 - -21?
-52303
In base 3, what is 102221001 - 11012?
102202212
In base 6, what is 120 + 33251?
33411
In base 12, what is 0 + -226a51?
-226a51
In base 2, what is 100 + 10011000?
10011100
In base 9, what is 2332 + 1?
2333
In base 10, what is -51612 - -3?
-51609
In base 12, what is b3 - 3b80?
-3a89
In base 10, what is -130 - -3918?
3788
In base 9, what is -5445 + -207?
-5653
In base 13, what is -19 - -3b8?
39c
In base 7, what is 23360 - -25?
23415
In base 15, what is -1 - 10b4?
-10b5
In base 11, what is aa46 - 5?
aa41
In base 15, what is -40 - 1718?
-1758
In base 3, what is -112 + -120212112?
-120220001
In base 6, what is -3 + -123035?
-123042
In base 13, what is 17 - -74?
8b
In base 9, what is 26485 - -3?
26488
In base 7, what is 161424 + 5?
161432
In base 11, what is 5 - 37030?
-37026
In base 2, what is -11 + 1001011010000011?
1001011010000000
In base 10, what is 3 - 15735?
-15732
In base 14, what is 15 - 1c4c?
-1c37
In base 15, what is 210 - 4?
20b
In base 7, what is 2 - 120341?
-120336
In base 10, what is 1 - 2648?
-2647
In base 3, what is 11011 - -10020222?
10102010
In base 10, what is -902 - -103?
-799
In base 12, what is 920b67 + -1?
920b66
In base 14, what is -899b - 13?
-89b0
In base 9, what is -41 + 31302?
31251
In base 12, what is 18a3 + -91?
1812
In base 4, what is -300000 - -12130?
-221210
In base 6, what is 20 - -4335?
4355
In base 12, what is 1022b26 - 0?
1022b26
In base 2, what is 10 - 1001110000101000010?
-1001110000101000000
In base 12, what is 38416 + 7?
38421
In base 4, what is -10100010 + 3?
-10100001
In base 8, what is -64 - 2575?
-2661
In base 8, what is -24 + 41114?
41070
In base 11, what is -5 + -579742?
-579747
In base 11, what is 553 - 2a88?
-2535
In base 5, what is -10043002 + 2?
-10043000
In base 3, what is 2220222 - -2102?
10000101
In base 15, what is -43 - cb?
-11e
In base 11, what is 9378 - -171?
9539
In base 15, what is 2188e - 1?
2188d
In base 16, what is d94 - -17?
dab
In base 10, what is 1206 - -1384?
2590
In base 15, what is 4 + 5c43?
5c47
In base 2, what is 10111001 - -1001101001?
1100100010
In base 5, what is 400402 + 10?
400412
In base 6, what is 0 + 13344433?
13344433
In base 4, what is -2 - -103233102?
103233100
In base 4, what is 12 + 201123333?
201130011
In base 15, what is -1cb362 - -4?
-1cb35d
In base 3, what is -10202 - 2022202?
-2110111
In base 16, what is 1 + -7615?
-7614
In base 3, what is -210002 + -10101?
-220110
In base 2, what is -1001011 + -101110100?
-110111111
In base 9, what is -108 + -61?
-170
In base 15, what is -19 + -19351?
-1936a
In base 13, what is 9 - 1c03?
-1bc7
In base 12, what is 1208a + 2?
12090
In base 14, what is -5 + -8018?
-801d
In base 5, what is 24121224 + -1?
24121223
In base 8, what is -41365 + 3?
-41362
In base 2, what is 11011 - -110001001000110?
110001001100001
In base 5, what is 41430112 - 4?
41430103
In base 3, what is -1011221 - 202?
-1012200
In base 10, what is 914 + -1528?
-614
In base 5, what is -4 - 2024?
-2033
In base 16, what is 732a + 48?
7372
In base 9, what is -385540 + 0?
-385540
In base 16, what is c5 - 5ffa?
-5f35
In base 16, what is -24 + -23d?
-261
In base 14, what is -4b + c?
-3d
In base 7, what is -133352504 + -3?
-133352510
In base 7, what is 146 + -262662?
-262513
In base 10, what is 6 + 3673?
3679
In base 5, what is 141 + -130110?
-124414
In base 12, what is 2873 - 7?
2868
In base 4, what is 20301111 - -131?
20301302
In base 16, what is 1e - -679?
697
In base 5, what is -412344 - 123?
-413022
In base 7, what is 4 - 13641?
-13634
In base 12, what is 3 + 74?
77
In base 12, what is -8 - -669a?
6692
In base 7, what is 21542 - -50?
21622
In base 14, what is -52 - 2b7?
-329
In base 15, what is 1 + -376a?
-3769
In base 15, what is -2 - 97b7c?
-97b7e
In base 3, what is 1102201212 - 102?
1102201110
In base 2, what is -1101 - 1010001000?
-1010010101
In base 13, what is -c826 - -33?
-c7c3
In base 16, what is c - 244?
-238
In base 9, what is 0 + 280128?
280128
In base 8, what is 5425 - -15?
5442
In base 11, what is 34842 + 27?
34869
In base 12, what is -36a - 2098?
-2446
In base 2, what is -1101101000 + 11100?
-1101001100
In base 15, what is -3 + 99dc?
99d9
In base 12, what is 16 - -15647?
15661
In base 12, what is -25 - 2002?
-2027
In base 6, what is -20420055 + 1?
-20420054
In base 16, what is 1d2d + 19?
1d46
In base 8, what is -4 - 51354?
-51360
In base 16, what is e6 + -1b0?
-ca
In base 3, what is -2022212221 - 22?
-2022220020
In base 9, what is -22006 + -17?
-22024
In base 13, what is -4 + -1b6cab?
-1b6cb2
In base 15, what is -50bc2 + 4?
-50bbd
In base 2, what is -11 - -1000000001001001?
1000000001000110
In base 11, what is -1200 + -156?
-1356
In base 10, what is 73 + -9787?
-9714
In base 12, what is -18a1 + 0?
-18a1
In base 2, what is -11010011 - 10000?
-11100011
In base 2, what is -101001110000001100010 + -101?
-101001110000001100111
In base 6, what is -2205 + -21245?
-23454
In base 2, what is 1001110 - -11011110000?
11100111110
In base 3, what is -2021112 + -10?
-2021122
In base 15, what is 0 - 1d1628?
-1d1628
In base 9, what is 20 - 177126?
-177106
In base 8, what is 1660 + -1?
1657
In base 8, what is 644 + -52?
572
In base 13, what is -1c + 1cb6?
1c97
In base 7, what is 201144 - -5?
201152
In base 6, what is -3104 - 253?
-3401
In base 6, what is -4 + -2123242?
-2123250
In base 4, what is -1202031202 + 1?
-1202031201
In base 4, what is -1312212033 + 10?
-1312212023
In base 13, what is 21cb + 25?
2223
In base 7, what is -4 - 51405?
-51412
In base 7, what is -1 - 120150?
-120151
In base 14, what is -5c + c5d?
c01
In base 10, what is 221 - -1083?
1304
In base 9, what is 487 - 275?
212
In base 3, what is 202122021211 + 2?
202122021220
In base 7, what is -26116 - 20?
-26136
In base 9, what is -242621 + 3?
-242617
In base 13, what is 24b45 + -19?
24b29
In base 7, what is 66 - 1046?
-650
In base 3, what is 2101201121 - 1?
2101201120
In base 3, what is 2201112 - 21210?
2102202
In base 15, what is -4 - -184c4?
184c0
In base 15, what is -2c4 - -31?
-293
In base 10, what is 29518 - 5?
29513
In base 13, what is -26 - 677?
-6a0
In base 16, what is 25b8 + 3?
25bb
In base 12, what is 1a - 11a?
-100
In base 12, what is -3 - 1037?
-103a
In base 8, what is -31013 + 0?
-31013
In base 14, what is -8 + -5a7?
-5b1
In base 5, what is 422 - 121?
301
In base 8, what is 3 - 103664?
-103661
In base 13, what is 66746 + 5?
6674b
In base 11, what is -a + -1229a6?
-122a05
In base 15, what is 30e4 - 4?
30e0
In base 3, what is 12 - -1212112221?
1212120010
In base 8, what is 1 - 47276?
-47275
In base 12, what is -39 - -425?
3a8
In base 13, what is -2227 - 2?
-2229
In base 10, what is 3 - -5385?
5388
In base 9, what is 0 - -30488?
30488
In base 16, what is -1c0a - -3b?
-1bcf
In base 15, what is 19 + 23d5a?
23d74
In base 5, what is -22401 - -2242?
-20104
In base 9, what is 2 + 23655?
23657
In base 6, what is 15311222 + 5?
15311231
In base 7, what is 5 + -3444150?
-3444142
In base 6, what is 155 + 2054?
2253
In base 4, what is 10 + 322213?
322223
In base 10, what is -227 + 81?
-146
In base 3, what is -20022220112 - -11?
-20022220101
In base 12, what is -5 - aa514?
-aa519
In base 6, what is -44205 - 245?
-44454
In base 2, what is -1001101110 + -101111010100?
-111001000010
In base 11, what is 0 + -17479?
-17479
In base 6, what is 110303 - 11?
110252
In base 3, what is 2122100020210 + -1?
2122100020202
In base 16, what is b - -aae?
ab9
In base 6, what is -32032 + 0?
-32032
In base 2, what is 1110 - -1011111?
1101101
In base 15, what is 0 + 77dd2?
77dd2
In base 14, what is 43 - -118?
15b
In base 16, what is 1 - 7127?
-7126
In base 16, what is 5d - 767?
-70a
In base 7, what is 4 - 1234642?
-1234635
In base 9, what is 116248 - 83?
116155
In base 2, what is 101011000111000 - -10000010?
101011010111010
In base 16, what is a - -27ba8?
27bb2
In base 8, what is -523340 - -2?
-523336
In base 7, what is -402402 + 10?
-402362
In base 14, what is 30c20 + 2?
30c22
In b